 of (30 - -3)/(6/4)?
2, 11
Let y = -31 - -57. List the prime factors of y.
2, 13
Let v be 2/6 - 46/(-6). Let l = 0 - 0. Suppose -v = -2*p - l. List the prime factors of p.
2
Suppose -9 = -0*a - a. Suppose -4*j = -a*j + 95. List the prime factors of j.
19
Suppose 2*l = -2*l + 28. Suppose -l*z = -9*z + 4. What are the prime factors of z?
2
Suppose -5*j - 31 = -4*m, -3*j + m = 13 - 0. List the prime factors of (-11)/(-2) - j/(-6).
5
Suppose -6*d + 2*d = -52. What are the prime factors of d?
13
Suppose 3*b - 35 = 2*b. Suppose -5*f - 30 = b. Let q = 19 + f. What are the prime factors of q?
2, 3
Let m(z) = -z + 4. Let k be m(0). Let b = 2 + k. What are the prime factors of b?
2, 3
Let a(p) be the third derivative of 0 - 1/120*p**6 - 1/24*p**4 - 3*p**2 + 0*p + 1/2*p**3 - 1/15*p**5. What are the prime factors of a(-4)?
7
List the prime factors of 1/((-3)/(-6))*175.
2, 5, 7
Let v be -1 + (-3 - -7*4). List the prime factors of 3/(v/44)*4.
2, 11
Let c = -14 + 21. Suppose -3*j + c + 5 = 0. What are the prime factors of (3 - -1)*9/j?
3
Suppose 6*n - 16 = 2*n. Suppose b + w - 21 = 0, -n*b + 5*w + 29 = -28. What are the prime factors of b?
2, 3
Suppose -2*f - 2 = 0, 3*b + 4*f - 89 = -9. Suppose -3*n = 3, v + 2*n - b = 3*n. List the prime factors of v.
3
Let w be (-6)/4*(-8)/(-3). Let j be 45/(-10)*w/(-3). Let r(x) = -x**3 - 7*x**2 - 10*x - 8. List the prime factors of r(j).
2
Let j be 10*(-2 - (-11)/2). Suppose -5*z + 0*z + j = 0. What are the prime factors of z?
7
Let a(t) = t + 12. Let m be a(-9). Suppose -m*n + 2*n = -16. What are the prime factors of n?
2
Let p(l) = 4*l - 10*l**3 + 9*l**3 + 12*l**2 - 4 + 2 + 6. Let w be p(12). Suppose -2*k + 0*k = 4*x - w, 0 = -4*x + 16. List the prime factors of k.
2, 3
Suppose 4*n + 2*u + 20 = 0, -3*u - 7 = -1. List the prime factors of (-14)/7*22/n.
11
Let t(l) = -l**2 - 8*l + 2. Suppose 3*a - 3 - 9 = 0. Suppose -a*m - m = -2*i + 45, 5*i = -4*m - 3. List the prime factors of t(m).
3
Let i = 29 + 44. What are the prime factors of i?
73
Let k(b) = -b**2 + 5*b + 2. Let d be k(6). Let w(q) = 240*q - 486*q - 2 + 242*q. List the prime factors of w(d).
2, 7
Let w = 9 + -20. List the prime factors of (-46)/w - 8/44.
2
List the prime factors of ((-973)/21)/((-2)/12*2).
139
Let i = 142 - 67. List the prime factors of i.
3, 5
Let t(j) = 4*j**2 - 14*j + 21. List the prime factors of t(9).
3, 73
Suppose 0 = 2*z + 6 - 2. Let r be 2 + z/2 + -2. What are the prime factors of (r/3)/(4/(-24))?
2
Let n(r) = 4*r**2 + 5*r - 7. What are the prime factors of n(-5)?
2, 17
Let o = 16 - 6. Let f(c) = o - c + c - c**2 + 7*c. What are the prime factors of f(7)?
2, 5
List the prime factors of (((-3)/(-5))/(-1))/((-2)/10).
3
Suppose -240 = -3*q - g, 4*q + g - 321 = -0*q. What are the prime factors of q?
3
Let q(z) = -z**3 + 8*z**2 + z - 3. Let h be q(8). Suppose -21 - 44 = -h*y. What are the prime factors of y?
13
Suppose -8*l + 10 = -3*l. What are the prime factors of 2 + 0/l + 17?
19
Let d(f) = f**3 + 11*f**2 + 13*f - 4. Let a be d(-10). Let i = a + 10. Let h = 34 + i. What are the prime factors of h?
2, 5
Suppose -2*s + 12 = 2*s. Suppose -3 - 9 = -s*a. What are the prime factors of a?
2
Let j(r) = 3*r**2 - 26*r + 13. List the prime factors of j(13).
2, 7, 13
Let x = 22 + 35. Let l = -35 + x. List the prime factors of l.
2, 11
Let c(y) = -y**2 + 5*y + 5. Let v be c(6). Let w = v + 3. Let g = w - -1. List the prime factors of g.
3
What are the prime factors of (-36)/12*82/(-3)?
2, 41
Let n(p) = p**3 + 29*p**2 + 28*p + 13. List the prime factors of n(-28).
13
Suppose -5*z - p + 51 = -z, 62 = 3*z - 4*p. List the prime factors of z.
2, 7
Let v(b) = 3*b**2 - 5*b + 2. Suppose 2*r - m - 11 = 0, 4*m + 15 = 3*r - 14. What are the prime factors of v(r)?
2, 7
Suppose 0 = 5*k - k - 92. List the prime factors of k.
23
Suppose -18*o + 196 = -14*o. What are the prime factors of o?
7
Let w be (4 + -5)*(0 + 0). Suppose 5*s + 5 = 0, -2*a + a - 4*s = w. Suppose 0 = -a*b + 3*c + 22, -5*b + 30 = -2*c - 3*c. List the prime factors of b.
2
Suppose -4*u + 12 + 12 = 0. Suppose -u = 2*m + 6. Let c = m - -8. List the prime factors of c.
2
What are the prime factors of (-382)/(-3) - ((-6)/9 - 0)?
2
Suppose 2*j + 9 = j. Let l = 21 + j. What are the prime factors of l?
2, 3
Let g be (18/(9/(-3)))/2. Let p = g + 8. Suppose -3*o + 8*o - 60 = -5*w, -p*o - 4*w + 57 = 0. List the prime factors of o.
3
Let s(l) be the first derivative of -l**3/3 + 7*l + 2. List the prime factors of s(0).
7
Let l(o) be the third derivative of -1/3*o**3 - 1/12*o**4 + 0*o + 1/30*o**5 + o**2 + 0 + 1/120*o**6. What are the prime factors of l(2)?
2, 5
Let q(f) = -f**3 + 6*f**2 - 5*f + 3. Let b be q(5). Let u = b - 4. What are the prime factors of -3*u/(1 - 0)?
3
Suppose 4*r = 2*r. What are the prime factors of (10 - 2) + 0 + r?
2
Suppose b - 11*b = -150. List the prime factors of b.
3, 5
Let n = -11 - -18. Suppose 3*g - n*g + 52 = 0. What are the prime factors of g?
13
What are the prime factors of 3 + 0*(-1 + 0)?
3
Suppose 3*r = 2*r + 21. Let q = r + 0. Suppose 0*v - 3*v = -3*f - q, -1 = -v + 4*f. List the prime factors of v.
3
Let r be ((-20)/12)/((-3)/18). Let f(a) = -a**2 + 13*a - 14. What are the prime factors of f(r)?
2
Let a(h) be the third derivative of 0 + 1/30*h**5 + 0*h + 2*h**2 + 1/6*h**3 - 1/4*h**4. What are the prime factors of a(4)?
3
Suppose -2 = -j + 1. Suppose -3*f = -j*o - 66, -5*f - o = -f - 63. What are the prime factors of f?
17
What are the prime factors of (-4*2)/(8/(-124))?
2, 31
Suppose 10*a = 14*a - 656. List the prime factors of a.
2, 41
Suppose -4*k - 4 = 0, m - 3*k + 612 = 4*m. List the prime factors of m.
5, 41
Let j(x) = -x - 9. Let f be j(-7). List the prime factors of -2*(f + 0)/2.
2
Suppose -2*r + 259 = -243. List the prime factors of r.
251
Let v(z) = z**2 - 5*z - 8. Let i be v(6). Let a be i + 4 + 3 + -1. Suppose 0 = n - a*o - 15, -4*o + 3*o = -2*n + 9. What are the prime factors of n?
3
Let m(f) = 6*f**3 + 3*f**2 - 15*f + 9. Let w(v) = 7*v**3 + 2*v**2 - 16*v + 9. Let y(x) = 6*m(x) - 5*w(x). What are the prime factors of y(-9)?
2, 3
Let u = 1 + 2. Suppose -q = -c - u + 7, 0 = -5*q - 5*c - 20. What are the prime factors of q/(-1)*(-44)/(-16)?
11
Let r(m) = m**3 - 2*m**2 + 2*m + 2. Let b be r(3). Suppose -b = -5*l + 88. List the prime factors of l.
3, 7
Suppose 3*h = -2*s + 130, 2*s + 2*h - 71 = 59. List the prime factors of s.
5, 13
Let m be 6/15 + (-2)/5. Suppose 0*u - 2*u + 6 = m. Suppose 1 + 23 = u*q. What are the prime factors of q?
2
Suppose -r - 15 = -4*r. Suppose 7 = 4*a - r. List the prime factors of a.
3
Let x(s) = -s**2 + 6*s - 3. Let u be x(4). Suppose u*r + 0*r = 55. List the prime factors of r.
11
Let x be (-3)/6*4 + 2. Suppose x = -3*n + 40 + 8. List the prime factors of n.
2
Let c = -15 - -9. Suppose 0 = -p + 20. List the prime factors of 12/(-10)*p/c.
2
Suppose 3*x - 4 = 143. List the prime factors of x.
7
Let o = 5 - 38. Let p be (-473)/o + 4/6. Let d = p + -5. What are the prime factors of d?
2, 5
Let s(z) = -z**3 - 2*z**2 - 4. List the prime factors of s(-5).
71
Let z = 1 - 15. List the prime factors of (7/2)/((-7)/z).
7
Let x(r) = 2*r + 11. Let s be x(9). Suppose -21 = -h + s. List the prime factors of h.
2, 5
Let p(j) = -4*j + 2. Let b be p(3). Let u = b - -24. List the prime factors of u.
2, 7
Let f = 50 - -10. Suppose -7*t + f = -3*t. What are the prime factors of t?
3, 5
Let j(u) = 12*u - 1 - 9*u**2 + 3 + u**3 - 3*u - 9. Let h be j(8). Let t = h - -1. List the prime factors of t.
2
Let d be 0/(3 - (1 + 1)). Suppose 2*a + s = -1, -3*a + 4*s + 4 = -d*a. What are the prime factors of a + 5/(1 + 0)?
5
What are the prime factors of 37 + -1 + 0/2?
2, 3
Let v = 4 - 10. List the prime factors of (57/v)/((-2)/4).
19
Suppose -5*q - 5*z = -35, 2*q - 11 = -z + 1. Suppose -q*o - 17 + 187 = 0. List the prime factors of o.
2, 17
Suppose -6*z + 5*s = -3*z - 53, -4*z = -3*s - 67. Suppose -5*a + 2*c + z = 0, -4*a - 5*c + 1 - 8 = 0. List the prime factors of a.
2
Suppose -2*x - q = -13, -4*x + 34 = x + 3*q. Let a be (-2)/x + 27/5. Suppose -a*l + 12 = 5*v - 43, 0 = 2*v - 4*l - 52. What are the prime factors of v?
2
Let y = -56 + 33. Let b = -13 - y. What are the prime factors of b?
2, 5
Let h(t) = -t - 1. Let a be h(-1). Let l = a + 2. Suppose l*f - 4 = 4. Li